Suppose -4 + 0 = -2*i. Suppose i*c = -2*k - 2*c - 2, 31 = -5*k + 3*c. Let j(y) = -y**3 - 4*y**2 + 6*y - 5. What is j(k)?
-10
Let l(y) be the second derivative of -y**5/20 + 7*y**4/6 + 3*y**2 - 2850*y - 1. Give l(14).
6
Suppose -18*x = -13902 + 13830. Let q(c) = 3*c**2 - 5*c + 13. Calculate q(x).
41
Let d(p) = -3*p - 45. Let a(o) = o + 1. Suppose -3*t - 2*t + 45 = -5*f, 0 = -5*t + 20. Let r(m) = f*a(m) - d(m). Let s be r(21). Let y(q) = -2*q. What is y(s)?
4
Let i(m) = m**3 - 12*m**2 + 12*m - 12. Let j be (-31 + -2)*(1178/57 + -21). What is i(j)?
-1
Let g(z) = -z**3 + 14*z**2 - z + 1. Let j = -86 + 88. Let b(f) = 8*f - 4*f**2 - 8*f + 5*f**j. Let c(v) = -5*b(v) + g(v). Calculate c(9).
-8
Let c(i) be the second derivative of -7/6*i**3 + 0 + 56*i + 1/2*i**2. Give c(-2).
15
Let x(j) be the third derivative of -j**6/30 - j**5/30 + j**4/12 + j**3/2 - 84*j**2. Suppose 9*a + 9 = -9. Give x(a).
23
Let c(h) = -h**3 + 8*h**2 + 10*h + 6. Let m be c(9). Suppose -5*a + 35 = -m. Let f be (-88)/a - 11/55. Let d(k) = -k**2 - 9*k - 4. Calculate d(f).
-4
Let k(d) = -9*d**3 + 48*d**2 + 17*d + 11. Let j(b) = 4*b**3 - 24*b**2 - 11*b - 7. Let p(f) = 7*j(f) + 3*k(f). Give p(25).
-41
Let p(q) = -2*q**2 + 24*q + 6. Let c(u) = -2*u**2 + 9*u - 40*u - 6*u - 10 + 5*u**2. Let b(l) = -5*c(l) - 8*p(l). Let d = -7 + 12. Determine b(d).
-8
Suppose 2*d = 5*d + 18. Let n be (-14)/(-10) + (-27)/(-45). Let p(f) = -38 + 18 + 24 - 6*f - f**n. Determine p(d).
4
Let m(g) = -7*g**2. Let x(k) = k - 7. Let q be x(9). Let o be 3*(4/(-18) - 544/306). Let i be ((-12)/o)/(q*-1). What is m(i)?
-7
Let b(i) = -1. Let l(v) = 8*v - 1. Let o(t) = -6*b(t) - l(t). Let r(f) = 6 - 8*f - 21 + 4 + 16. Let p(h) = 2*o(h) - 3*r(h). Determine p(-1).
-9
Let q(d) = 2*d - 340*d**2 - 2 + 628*d**2 + 1 - 295*d**2. Give q(1).
-6
Let o(p) = p**2 + 4*p - 8. Suppose b + 3*b = -f - 25, f - 38 = 5*b. Let h(s) = s**2 + 11*s + 23. Let z be h(b). Calculate o(z).
-3
Let k(v) = -32*v - 8. Suppose 6*c - 5*s + 35 = 0, -5*s + 29 + 6 = -5*c. Give k(c).
-8
Suppose 5*a + 2*v - 5*v - 8 = 0, 0 = -4*v - 4. Suppose -2*f - 5*d = 11, -4*f - 96 = -5*d + a. Let m(o) = -o - 15. Give m(f).
3
Let t(s) be the third derivative of -s**5/15 + s**4/2 + s**3/2 - 4*s**2 - 10. What is t(3)?
3
Let x = 31 - 36. Let n(t) = 11*t**3 + 29*t**2 + 10*t + 8. Let v(s) = 7*s**3 + 19*s**2 + 7*s + 5. Let i(w) = x*n(w) + 8*v(w). Determine i(-6).
0
Let u be (210/(-11))/(-6) - (-11 + (-369)/(-33)). Let n(q) be the first derivative of 13 + 4*q - 3/2*q**2 - 1/3*q**u. Give n(-3).
4
Let d(z) = -3*z - 2. Suppose 2*c + 686 = -5*a, -3*c - 2*c + a - 1742 = 0. Let p = c + 346. Calculate d(p).
4
Let k(o) = -5*o**3 + 10*o - 58. Let x(q) = q**3 - 2*q + 11. Let f(z) = 2*k(z) + 11*x(z). Determine f(-3).
-16
Let n(o) = 4*o - 7. Let z(j) = 3*j - 6. Let g(s) = -2*n(s) + 3*z(s). Let m(x) = -x**3 - 52*x**2 - 151*x - 199. Let q be m(-49). Calculate g(q).
-7
Let z = 1 + 1. Let f = -564 - -565. Let p(t) = -263*t - 274*t + f + 527*t. Determine p(z).
-19
Suppose -4*x + i = -36, x - 2*i = -x + 18. Let f(w) = -2 - 2 - 4*w - 2 + x*w. Determine f(3).
9
Let p(i) = -2*i**3 - 25*i**2 + 43*i + 28. Let x be p(-14). Suppose 6 = -2*c, -4*c - 12 = 5*m - 60. Let r = m - x. Let l(s) = s + 1. Give l(r).
-1
Let n be 8 - (-10 - (-117)/13). Let t(x) be the third derivative of -x**5/60 + x**4/2 - 5*x**3/3 + 7*x**2. Calculate t(n).
17
Let m(r) = 2*r**2 + 20*r + 22. Let c be (-8*(-3)/(-12))/(2/10). Give m(c).
22
Let p(x) = 7 - 3*x**2 + 19*x + 2*x**2 - 2*x. Let h be p(14). Let w = h + -53. Let t(m) = m**2 + m - 4. What is t(w)?
8
Let j = 602 + -615. Let y(m) = 3*m**2 - 2*m**3 + 2*m**2 + 12*m - 13 + m**3 - 17*m**2. What is y(j)?
0
Let f = 20819/3 - 6937. Let g(y) be the first derivative of -5*y**2 + 1/4*y**4 + y + 11 + f*y**3. Determine g(-9).
10
Let j(p) = -2*p**3 + p**2 + p + 3. Let v(m) = m**2 - 20*m - 258. Let z be v(29). Determine j(z).
-39
Let x(b) be the third derivative of -b**5/10 + b**4/12 - 5*b**3/2 - 11916*b**2. Determine x(3).
-63
Let k(b) = b**3 + 4*b**2 + 4. Let c be k(-4). Let n(a) be the third derivative of 0*a + a**2 - 81 + 1/2*a**3 - 1/24*a**4. Give n(c).
-1
Let q(c) be the second derivative of 1/20*c**5 + 1/6*c**3 + c**2 + 23 + 2*c + 1/2*c**4. Give q(-6).
-4
Let z(s) = s**2 - 6*s + 5. Let v(l) = -l**2 + l - 1. Let d(g) = 6*v(g) + z(g). Suppose 7*y - 8*y - 1725 = 3*j, y + 577 = -j. Let a = 575 + j. What is d(a)?
-6
Let a = -6 + 16. Let i(m) = a - 48 + 36 + 6*m. Determine i(2).
10
Let g(h) = -10*h**3 - h**2. Let a(z) = -2*z + 11. Let v be a(-7). Let c = -26 + v. Let p be (c/2)/(4/(-8)). What is g(p)?
-11
Let h(y) be the first derivative of 70 + 3*y - 16 - 24 + y**2. What is h(2)?
7
Let l(x) = -x + 8. Let n = -5540 - -5548. Calculate l(n).
0
Let g(q) = -16 + 1255*q + 1230*q - 2476*q. Calculate g(8).
56
Let f(l) = l**2 + 14*l - 16. Suppose 0 = -30*t + 41*t - 33. Suppose 4*c - 2 = 2, 0 = t*s + 3*c + 42. Calculate f(s).
-1
Let v(j) be the first derivative of -j**2/2 - 7*j + 773. Give v(-17).
10
Let d(m) = -m - 10. Let g be -1*18*(8 + 195/(-26)). Calculate d(g).
-1
Let m(n) = n**2 + 252*n + 3327. Let t be m(-14). Let d(h) = -1 - 4 - 3*h - 2. Give d(t).
8
Let t(l) = -5*l + 61. Suppose 301*z + 106*z + 3543 - 12904 = 0. Determine t(z).
-54
Let b be (1188/99)/((6/14)/((-4)/14)). Let t(m) = m**2 + 10*m - 25. Calculate t(b).
-41
Let j(s) = 8 - 1 - 3*s + 4 - 8 + 4. Give j(-6).
25
Let s(z) = 4*z**2 + 2*z - 1. Let o(q) = 281*q - 32. Let r be o(4). Suppose 0*i - 12*i = -r. Let k = i + -93. Determine s(k).
11
Let l(m) = 34 - 2350*m**3 + 8*m**2 + 1175*m**3 + 1176*m**3 + 4*m. Give l(-8).
2
Let w(n) be the third derivative of n**6/60 - n**5/30 - n**4/12 - n**3/2 - 2*n**2 + 781. Give w(-2).
-23
Let i(p) be the first derivative of -p**3/3 - 257*p**2/2 - 255*p + 2490. Determine i(-1).
1
Let a(n) be the second derivative of -7/6*n**3 + 7*n**2 - 1/12*n**4 + 37*n + 0. Give a(-8).
6
Let u = -208 + 213. Suppose -9*n = -4*n - 5*j - 5, -u*n + 4*j = -9. Let p(d) = -d**3 + 5*d**2 + d + 7. What is p(n)?
12
Let r(i) be the second derivative of i**5/20 + 3*i**4/4 + 4*i**3/3 + 9*i**2/2 - 2*i. Let s be (-4)/(8*2/32). What is r(s)?
9
Let v = -10 - -17. Let w(d) = -7*d - v + d**2 + 9 + 0*d. Calculate w(6).
-4
Let w = 318 + -298. Let d(z) = 5*z**2 + 3*z + 21*z**3 + 1 + z - 11*z**2 - w*z**3. Give d(4).
-15
Let z(v) = -4*v**2 - 18 + 2*v**2 + 0*v**2 + v**2 + 6*v. Calculate z(12).
-90
Let a(x) = x**3 - 2*x**2 + 11*x - 11. Let y be a(3). Let s(w) = y + 24 - 48 + 3*w. Give s(7).
28
Let n(a) = a - 15. Suppose -2*i - 30 = -4*h, -2*i + 8 = 4*h - 42. Determine n(h).
-5
Let k(s) be the first derivative of s**5/60 + s**4/6 - 2*s**3/3 + 38*s**2 + 2*s - 27. Let b(w) be the second derivative of k(w). Determine b(-6).
8
Let s(k) = 4*k - 2*k - 2642 - 3*k + 2639. Suppose 0*c + 2*c - 12 = 0. Suppose 2 = -2*y - c. Give s(y).
1
Let x(m) = -m**2 + 12*m + 233. Let g be x(22). Let s(y) = y**2 - 14*y + 11. Determine s(g).
-2
Let r(v) be the first derivative of -v + 0*v**3 + 71 + 1/2*v**2 + 1/4*v**4. Give r(1).
1
Let k(r) = -r**2 - 5*r + 1046. Let m be k(30). Let y(d) = -d**2 - 3*d + 9. Calculate y(m).
5
Let z(h) be the third derivative of 7*h**4/24 + h**3/6 + 30307*h**2. Let m = 2 - 1. Let u be (4 - m)/((-3)/(-2)). Give z(u).
15
Let g be 2 - (-5 + (1 - -3)). Suppose 0 = 4*x - q - 24 + 2, -x + g*q + 11 = 0. Let z(r) = -r**3 + 5*r**2 + 2*r - 5. Give z(x).
5
Suppose -4*u - 36 + 11 = -g, 2*g - u = 15. Suppose -d - 8 = -4*o, o + 3 = 4*d + 5. Let f(p) = -4*p**2 + 5*p**2 - 2*p**o + 7 - 255*p + 259*p. Calculate f(g).
2
Let c = -6 - -4. Let j(k) = -2*k**3 - 14*k**2 + 17*k + 10. Let x be j(-8). Let u(q) = -2*q**3 - 7*q + q**3 - 2*q - 1 + 14*q - q**x - 6*q. What is u(c)?
5
Let l(b) be the second derivative of -3*b**3/2 - 31*b**2/2 - 1169*b - 2. Determine l(-4).
5
Let h = -4 - -1. Let j(u) = -32*u**2 + 12*u - 14. Let m(l) = 9*l**2 - 4*l + 3. Let a(x) = -2*j(x) - 7*m(x). Determine a(h).
4
Let v(y) = 23*y**2 + 16*y**2 - 50*y - 37*y**2. Let f be v(25). Let n(c) = -c**3 - 2*c**2 - c - 11. What is n(f)?
-11
Let u be (204/(-9))/(24/9 + -2). Let t(z) = 5*z + 177. What is t(u)?
7
Let y(z) = z**3 + 12*z**2 + z + 16. Let c be y(-12). Let w(o) = -1 + 2 + c*o - 5*o. Let d = 469 - 464. What is w(d)?
-4
Let f(h) = -h**2 - 201*h - 800. Let s be f(-4). Let x(c) = 6*c + 17. Determ